6?
False
Is 549 a factor of 134043840?
True
Does 41 divide 2610473977?
True
Is 31 a factor of 350967306?
True
Does 6777 divide 9914751?
True
Does 2561 divide 728263887?
True
Is 178888800 a multiple of 608?
True
Is 63382523 a multiple of 46?
False
Is 424 a factor of 35646643?
False
Does 5142 divide 123809076?
True
Does 21 divide 844838211?
True
Is 154 a factor of 187464200?
True
Does 277 divide 12439631?
False
Is 373777482 a multiple of 26?
True
Is 1135 a factor of 453281145?
False
Is 114 a factor of 75374976?
True
Is 40340626 a multiple of 250?
False
Does 146 divide 949831178?
True
Is 14 a factor of 1065244138?
True
Does 221 divide 313703854?
False
Is 459 a factor of 180366804?
True
Is 1673 a factor of 474436032?
True
Does 59 divide 22540124?
True
Does 392 divide 34757464?
True
Is 24 a factor of 279465960?
True
Is 10818588 a multiple of 3?
True
Is 44 a factor of 11561472?
False
Does 44 divide 11207826?
False
Is 14 a factor of 13957188?
True
Is 66 a factor of 115754841?
False
Is 700 a factor of 532757741?
False
Is 180 a factor of 279248220?
True
Is 1032098605 a multiple of 13?
False
Is 39756217 a multiple of 52?
False
Is 2351331 a multiple of 1233?
True
Is 470 a factor of 1628902?
False
Is 2005871220 a multiple of 90?
True
Is 48738038 a multiple of 97?
True
Is 7 a factor of 23569750?
False
Does 13 divide 524816045?
True
Does 42 divide 74055867?
False
Is 6 a factor of 558210959?
False
Does 3747 divide 479113902?
True
Is 2836571679 a multiple of 291?
True
Is 4985872 a multiple of 5?
False
Does 27 divide 169077348?
True
Is 195 a factor of 92423128?
False
Is 437390 even?
True
Is 2295780144 a multiple of 588?
True
Is 28 a factor of 397512472?
True
Is 6639409 a multiple of 7?
True
Does 1003 divide 186707266?
False
Does 62 divide 990595266?
True
Does 52 divide 4849780?
True
Does 111 divide 29413668?
True
Does 629 divide 65730500?
True
Does 59 divide 921114077?
True
Is 76642428 a multiple of 22?
False
Is 10 a factor of 261431970?
True
Is 69221391 a multiple of 2217?
True
Is 624 a factor of 1008041114?
False
Is 232 a factor of 8053263?
False
Is 1221070906 a multiple of 22?
True
Is 107 a factor of 16845280?
False
Is 103338644 a multiple of 76?
True
Is 10 a factor of 47213056?
False
Is 420051779 a multiple of 8?
False
Is 5270260 a multiple of 5?
True
Does 10 divide 108481359?
False
Does 895 divide 714168737?
False
Is 16 a factor of 17734964?
False
Does 2795 divide 34785908?
False
Is 3144089064 a multiple of 1483?
False
Is 1195655094 a multiple of 1842?
True
Is 7366773402 a multiple of 96?
False
Is 101709322 a multiple of 77?
False
Is 88 a factor of 948661074?
False
Does 39 divide 376042643?
False
Does 5006 divide 5714323970?
True
Does 22 divide 2604127825?
False
Is 95 a factor of 25105976?
False
Is 30161390 a multiple of 14?
True
Is 168 a factor of 34536768?
True
Is 39780680 a multiple of 85?
True
Is 205 a factor of 132382645?
True
Is 21874833 a multiple of 9?
True
Does 166 divide 347098?
False
Is 191 a factor of 10960878?
False
Is 8231424 a multiple of 384?
True
Is 18692726 a multiple of 13?
True
Is 13 a factor of 423475052?
True
Does 3740 divide 115263060?
True
Is 766 a factor of 56977?
False
Is 7683207 a multiple of 3?
True
Is 1189 a factor of 20127522?
False
Does 6 divide 2970185386?
False
Is 2264510254 a multiple of 5576?
False
Does 188 divide 13348376?
True
Does 21 divide 510846?
True
Is 20131975 a multiple of 166?
False
Is 3077 a factor of 4449342?
True
Is 608684436 a multiple of 636?
True
Does 5 divide 46289643?
False
Does 9 divide 32341790?
False
Is 23236370 a multiple of 18?
False
Is 50452350 a multiple of 65?
True
Is 514983014 a multiple of 14?
True
Is 668526605 a multiple of 91?
False
Is 8505717 a multiple of 23?
False
Is 586821308 a multiple of 3248?
False
Is 198 a factor of 935173?
False
Is 9 a factor of 319511658?
False
Is 2760 a factor of 73563918?
False
Is 108 a factor of 416512584?
True
Is 174595293 a multiple of 9?
True
Does 2089 divide 1161988430?
False
Is 1666176 a multiple of 16?
True
Does 1196 divide 71367712?
True
Does 56 divide 28198968?
True
Is 23584800 a multiple of 1240?
True
Does 18 divide 1000805290?
False
Does 11509 divide 1473566324?
True
Is 99145200 a multiple of 168?
True
Is 459055147 even?
False
Does 1007 divide 1716820447?
False
Is 66034156 a multiple of 427?
False
Is 773479082 a multiple of 3252?
False
Is 63 a factor of 1505431305?
True
Does 385 divide 46923800?
True
Is 27574260 a multiple of 98?
True
Does 339 divide 82937717?
False
Is 135 a factor of 59806228?
False
Is 379688694 a multiple of 21?
True
Is 35 a factor of 3576301680?
True
Is 63 a factor of 643784778?
True
Is 4362 a factor of 435555132?
False
Is 35307315 a multiple of 45?
True
Is 58403931 a multiple of 453?
True
Is 13 a factor of 28801357?
True
Is 1101426416 a multiple of 233?
True
Is 8510 a factor of 1894802560?
True
Is 776370650 a multiple of 193?
False
Is 121 a factor of 607710?
False
Is 3377 a factor of 587888422?
True
Is 15 a factor of 73193025?
True
Is 11 a factor of 250004557?
True
Is 1189190924 a multiple of 76?
True
Is 2803596842 a multiple of 934?
False
Does 163 divide 258169832?
True
Does 23 divide 2227112?
False
Does 1003 divide 22608170?
False
Does 217 divide 22030925?
True
Does 71 divide 309557681?
False
Is 10174519 a multiple of 41?
True
Is 222 a factor of 2428907?
False
Is 33 a factor of 598023?
False
Is 6825 a factor of 621185271?
False
Is 141 a factor of 41737833?
True
Is 1124476280 a multiple of 1278?
False
Is 47309408 a multiple of 1712?
True
Is 7 a factor of 28361788?
True
Does 121 divide 13635096?
False
Is 5 a factor of 299757293?
False
Does 66 divide 1072768818?
True
Does 233 divide 56990169?
True
Is 36 a factor of 42334992?
True
Is 234 a factor of 4696212?
False
Is 72912551 a multiple of 375?
False
Does 8 divide 85027882?
False
Is 10 a factor of 1808075110?
True
Is 80 a factor of 35504678?
False
Is 110306608 a multiple of 1132?
True
Does 465 divide 118537601?
False
Is 8 a factor of 557479183?
False
Is 10 a factor of 28386882?
False
Is 18800942 a multiple of 949?
False
Is 521779332 a multiple of 778?
False
Does 40 divide 1463943240?
True
Does 2006 divide 161710082?
False
Is 17 a factor of 35430041?
False
Does 694 divide 1104632293?
False
Is 156894107 a multiple of 61?
False
Is 10 a factor of 611158930?
True
Does 21 divide 199871971?
False
Is 6253654 a multiple of 782?
True
Is 562 a factor of 684241744?
True
Does 14 divide 839353110?
False
Does 2904 divide 1001296879?
False
Is 6660517 a multiple of 9?
False
Is 2316573990 a multiple of 18?
True
Does 540 divide 128750297?
False
Does 380 divide 27511200?
False
Does 489 divide 50207075?
False
Is 12570391 a multiple of 446?
False
Is 2523 a factor of 37644486?
False
Does 682 divide 442191068?
True
Does 1066 divide 4227629469?
False
Does 6 divide 10164473?
False
Is 271610086 a multiple of 2866?
False
Is 44803721 a multiple of 1754?
False
Is 87328329 a multiple of 53?
False
Does 19 divide 14117925?
False
Does 27 divide 27888661?
False
Is 146503859 a multiple of 23?
True
Does 10 divide 779960680?
True
Is 1899 a factor of 3948021?
True
Is 3024 a factor of 2656644041?
False
Is 25 a factor of 55215376?
False
Is 9053941 a multiple of 34?
False
Does 617 divide 769378453?
False
Is 33291465 a multiple of 23?
True
Is 8664 a factor of 552561604?
False
Does 2279 divide 234340454?
True
Is 4 a factor of 42401396?
True
Is 4180035114 a multiple of 213?
True
Is 309071186 a multiple of 20?
False
Is 216453914 a multiple of 1546?
True
Is 101744442 a multiple of 76?
False
Is 134473562 a multiple of 1895?
False
Is 1078295201 a multiple of 19?
True
Is 339 a factor of 670088708?
False
Does 200 divide 17308200?
True
Is 195 a factor of 24774231?
False
Does 7 divide 23337212?
False
Is 7167408 a multiple of 2?
True
Is 125609876 a multiple of 15?
False
Does 332 divide 16741100?
True
Is 392 a factor of 1492497682?
False
Is 1697617984 a multiple of 5459?
True
Is 125070359 a multiple of 1344?
False
Does 381 divide 263703774?
False
Does 85 divide 1468686780?
True
Does 3247 divide 98260714?
True
Is 303964437 a multiple of 771?
True
Is 44347014 a multiple of 108?
False
Does 222 divide 42213300?
True
Is 17 a factor of 2603460?
False
Is 64558860 a multiple of 85?
True
Does 182 divide 12976600?
True
Does 3376 divide 645727